 Is q composite?
False
Let p(v) = v**2 - v. Let z be p(3). Let w be (12/10)/(z/(-40)). Is w/4*255/(-6) composite?
True
Let s(y) = 201*y - 17. Is s(11) a composite number?
True
Suppose 5*c + j - 34490 = 0, 0 = -4*c + j + 16959 + 10642. Is c a composite number?
False
Suppose a = 10*a + 180. Is 10/a*(0 + -358) prime?
True
Let c = 504 + -356. Suppose 0*g = -2*g + c. Is g prime?
False
Suppose -3*z + 2*z = 1, -5*a = -2*z + 5378. Is (6/(-4))/(2/a) composite?
True
Is (5 - 1 - -1638)*(-2)/(-4) a composite number?
False
Suppose 0*t + 728945 = 35*t. Is t a composite number?
True
Let z = -14 + 17. Suppose 0 = -4*f - 2*g + 5746, -z*g = -3*f - 4*g + 4312. Is f prime?
True
Let q = 152093 + -85458. Is q composite?
True
Suppose -20*f = 4*i - 16*f - 138404, -2*f = i - 34599. Is i a prime number?
True
Suppose -52*a = -54*a + 4814. Suppose j = 5*y + 4*j - a, 3*y - 4*j = 1421. Is y composite?
False
Let a be (-4)/(-8)*(-26)/(-1). Let k(d) = 38*d - 7. Is k(a) a prime number?
True
Is (76 - 71) + 3195 + 1 + -2 a prime number?
False
Suppose 13*q + 3204 = 9*q. Let m = -388 - q. Is m a prime number?
False
Is -2*(-5)/(50/8665) composite?
False
Let q = 65852 + -26001. Is q a composite number?
True
Let m = 44407 + -17160. Is m prime?
False
Let u = 10 - 1. Suppose 2*r + j - 3 = -0*r, -r = -j - u. Suppose -332 = -r*k + 204. Is k a prime number?
False
Let c(a) = a**2 + a - 2. Let d be c(-2). Suppose o = d, -2*o - 5 = -2*n + 5. Suppose n*k = 1121 - 66. Is k a composite number?
False
Let b = -34994 - -50439. Is b a composite number?
True
Let q = -16 - -19. Suppose y + 3*v - v = 2241, 4*v + 6683 = q*y. Suppose -5*d + s = -d - y, 3*s + 572 = d. Is d prime?
True
Let x(h) = -87*h**3 - h**2 + 1. Suppose i = 1 - 2. Is x(i) composite?
True
Let b(u) = 63*u**2 + 15*u - 41. Is b(6) a composite number?
True
Let g be ((-1)/2 - 0)*-4. Suppose g*l = -r - 17, 3*l = -4*r - 107 + 44. Let v = r + 80. Is v composite?
True
Let r be (-6 + 2 + 1 - -2)*-389. Suppose -s = -2*s + r. Is s a prime number?
True
Is -1 + 0 - 0 - (-6976 - 22) a composite number?
False
Suppose 0 = 4*m - 5*m + 4. Suppose -m*d + 2795 = 2*f - 5*d, -3*f = -d - 4192. Is f a composite number?
True
Let h(t) = -215*t - 1. Let c be h(-1). Suppose 35 = -3*z - c. Let u = -28 - z. Is u prime?
False
Let a = -6 - -85. Let u = 182 - a. Is u prime?
True
Let q(x) = 1397*x**2 - 29*x + 19. Is q(4) a composite number?
True
Is 218*(-11 + (-606)/(-12)) a composite number?
True
Let g be (-4)/(-5) - (255/(-25) - -6). Suppose 0 = -2*w - 4, 4*u = g*w + 2397 + 353. Is u a prime number?
False
Let s(b) = -b**2 + 13*b + 11. Let i be s(14). Let r be (i/6)/((-1)/(-1556)). Is ((-36)/24)/(3/r) composite?
False
Let m = 29 - 9. Let l = m - 20. Suppose -w = -l*w - 127. Is w a composite number?
False
Suppose -5*r - 110512 = -21*r. Is r composite?
False
Let m(b) = -b + 14. Let a be m(7). Let t = a - -69. Let k = t - 54. Is k composite?
True
Let l be -1 + (4 + 2 - 3). Suppose l*o - 1068 = -o. Is o/8*(4 - 2) prime?
True
Let u(i) = 2*i**3 + 4*i**2 + 19*i - 1. Let w be u(15). Let c = -4581 + w. Is c composite?
True
Is (-43729)/(-1) + 12*(-16)/24 a composite number?
False
Let x be (1/(-2))/(3/(-186)). Suppose -4*m + 2*z = -3*m + 3, -3*m = 4*z - x. Let q(d) = d**3 - 3*d**2 + 3*d + 2. Is q(m) a composite number?
False
Let l = -2958 - -18371. Is l prime?
True
Let i be (-25420)/(-45) - (-2)/18. Let b = -219 + i. Is b a prime number?
False
Suppose -2*h - 4089 = -3*k, -2*k + 9*h + 2725 = 8*h. Is k a composite number?
False
Let a be (-9)/36 + (-21)/12. Is (9/a)/9*-1630 prime?
False
Let r(y) be the second derivative of y**5/20 + 7*y**4/12 - y**3/3 - 3*y**2/2 + 7*y. Is r(-7) prime?
True
Let s = 5184 + -3253. Is s composite?
False
Suppose -2*a - w = -24393, 5*a + 19131 = -w + 80115. Is a a prime number?
True
Let v(i) = i**3 - 18*i**2 + 19*i - 11. Is v(18) a composite number?
False
Suppose -g + 44 = -i + 6*i, -g = -2*i + 19. Is 156/2 + (10 - i) prime?
True
Suppose 3*o = 2*z + 147298, o = -3*o - 5*z + 196428. Is o a prime number?
False
Let g be 56/6*(3 + -6). Let l be ((-2)/7)/(4/g). Is (1 + 105)/(4 - l) a prime number?
True
Suppose 2*k + 2*i - 6 = -0*k, -4*i = -2*k. Suppose -3*j - k*j = -25. Is 3348/15 - 1/j a prime number?
True
Suppose -a = -3*a + 8. Suppose 792 - 139 = 3*l - a*m, -1070 = -5*l + 3*m. Is l composite?
False
Let m = -7 + 10. Suppose v - 4*v + 24 = -m*t, 41 = -4*t - 5*v. Is (-4)/(12/t) + 94 prime?
True
Let g = 16625 + 18284. Is g composite?
True
Suppose 2*x = -470 - 38. Let n = 143 - x. Is n a composite number?
False
Suppose -12*m - 288 = -17*m - u, -3*m + 4*u + 159 = 0. Let f(h) = -94*h + 2. Let c be f(-2). Let x = c + m. Is x a composite number?
True
Suppose 1 + 9 = -5*r. Is 84/45 + r + (-3857)/(-15) prime?
True
Let n(r) be the second derivative of 2*r**4 - r**3/6 + 9*r**2 - 13*r. Is n(5) prime?
True
Suppose 0 = 4*j + j - 35. Suppose -3*p + 2*i + 0*i = -j, -2*p - 4*i = -26. Suppose p*z - 6*z + 439 = 0. Is z prime?
True
Let w(c) = c - 7. Let m be w(12). Suppose -m*j = -3*j - 20. Let u(x) = x**3 - 7*x**2 - 4*x + 3. Is u(j) prime?
True
Let v(w) = 5*w**2 - 4*w - 6. Let l be v(-4). Suppose c - 3*n + 360 = 6*c, c - 3*n - l = 0. Is 1 - (-3 - c - 0) composite?
False
Let g(d) = -1495*d + 221. Is g(-8) a prime number?
False
Is 2 - 12 - (-3715 - -22) a composite number?
True
Let q be 0 + 6/(-33) + (-92030)/(-22). Let w = -2744 + q. Is w prime?
True
Suppose 0*s = s + 4*c - 1320, 1347 = s - 5*c. Suppose 3*u - s = 1227. Is u composite?
False
Let s be (-1)/((-10)/6 - -2). Let u(b) = 2 + b**3 + 4*b**2 - 23*b + 25*b - 1. Is u(s) prime?
False
Is 2 + (155/(-10) + -2)*-214 a composite number?
True
Suppose 4*c = -d + 40, -5*d - 6*c + 245 = -c. Suppose -64 = -4*g + 4*i, -4*g + 2*g - 2*i + d = 0. Let l = g + 28. Is l a composite number?
True
Suppose -5*m + 6594 = 3*q + 2360, 2*q = 4*m + 2786. Let f = -862 + q. Is f prime?
True
Suppose -4*f + 3*f = 0. Suppose -590 = -p - 4*d - 165, f = -d + 4. Is p a composite number?
False
Suppose 25 = -5*u, -u = -4*z - 0*u + 21. Is 4*z/16 + 210 a composite number?
False
Suppose -1673 + 295 = -2*r. Suppose -n - 9 = -0*n - 3*h, 4*h = 16. Suppose n*s = 64 + r. Is s prime?
True
Let x(a) = -a**3 + 15*a**2 - 3*a - 22. Let f be x(11). Suppose 444 + f = 3*o - 3*c, -o + 3*c = -287. Is o composite?
False
Suppose -4*x = -2*w - 58, 0 = 2*x - 3*w - w - 44. Let n(b) = b**2 + 12*b + 13. Let d be n(-11). Suppose x = d*j + 2*j, 5*t - 4*j = 443. Is t a composite number?
True
Let y be (-7 + 7)/(-1*1). Suppose 0 = -4*p - 5*z - 29, z + 8 = -3*p - y*p. Is 585/12 + p/(-4) prime?
False
Let o(h) be the first derivative of 4*h**3/3 + h**2/2 + 2*h + 8. Let p be o(-1). Suppose -m + 988 = 2*s + s, 0 = -p*m + 5. Is s a composite number?
True
Let h = -6538 + 9297. Is h a prime number?
False
Suppose -251 = -2*f + f. Is f composite?
False
Suppose -4*b - 3*b = 0. Suppose -t + b = 3, -779 = 2*k - 5*t. Is (-4)/2 - 0 - k prime?
False
Suppose 0 = -27*f + 25*f + 1582. Is f a composite number?
True
Is 5*(-3 - 640/(-2)) a prime number?
False
Let t = 11098 - 6389. Is t composite?
True
Suppose 352*z = 348*z + 6172. Is z a composite number?
False
Suppose -154004 = -39*r + 35*r. Is r composite?
False
Let g(p) be the first derivative of 11*p**2 - 7*p + 37. Suppose -l = -3*l + 6. Is g(l) composite?
False
Suppose c + 4 = 7. Suppose -4*z - 572 = 2*h - 7*h, -c*h = z - 350. Let s = 243 - h. Is s prime?
True
Let p(s) = -s**2 + 6*s + 19. Let d be p(8). Suppose -3327 = 3*k - 4*l - 14260, -4*k + 14575 = -d*l. Is k a composite number?
False
Is 21543/9 + 10/(-15) composite?
False
Suppose 3*l + 6421 = 4*l - 5*o, -5*l = -4*o - 32105. Is l a composite number?
False
Let k be 297/6*(-656)/(-12). Is 2/(-10) - -3*k/15 a prime number?
True
Let q be -9*(-2)/6*3. Let n = -5 + 2. Let w = n + q. Is w a composite number?
True
Let b(c) = -c**2 + 4*c - 2. Let j be b(2). Suppose -46 = j*w - 0*w. Let m = 45 + w. Is m prime?
False
Let i(m) = 1742*m - 409. Is i(5) composite?
True
Suppose 5*c - v = 157651, 4*c + 3*v - 135637 = -9501. Is c a composite number?
False
Let i be (-1)/(-5) - (13 - 113160/75). Suppose 3*d + 2*d = j - 1022, 0 = j - 4*d - 1023. Let n = i - j. Is n composite?
True
Let o(u) = 52*u**2 - 127*u + 54. Is o(19) a composite number?
True
Let y = 39732 - 23579. Is y a prime number?
False
Let b(s) = 18*s**3 + 1